05 is divided by 162.
57
Calculate the remainder when 1406 is divided by 234.
2
Calculate the remainder when 1394413 is divided by 84.
13
What is the remainder when 23794 is divided by 445?
209
What is the remainder when 6650 is divided by 52?
46
What is the remainder when 277287 is divided by 274?
273
Calculate the remainder when 3614 is divided by 74.
62
What is the remainder when 12418 is divided by 56?
42
Calculate the remainder when 1218764 is divided by 167.
165
What is the remainder when 17387 is divided by 341?
337
Calculate the remainder when 510535 is divided by 40.
15
Calculate the remainder when 225403 is divided by 384.
379
What is the remainder when 3270 is divided by 163?
10
What is the remainder when 36860 is divided by 9215?
0
Calculate the remainder when 120318 is divided by 94.
92
Calculate the remainder when 330182 is divided by 53.
45
What is the remainder when 463 is divided by 227?
9
Calculate the remainder when 8217 is divided by 8092.
125
Calculate the remainder when 2827325 is divided by 58.
57
What is the remainder when 2562 is divided by 129?
111
Calculate the remainder when 16823 is divided by 2349.
380
What is the remainder when 806525 is divided by 5170?
5
What is the remainder when 222970 is divided by 6557?
32
Calculate the remainder when 25425 is divided by 8466.
27
Calculate the remainder when 111488 is divided by 1327.
20
Calculate the remainder when 5536 is divided by 21.
13
Calculate the remainder when 60303 is divided by 437.
434
What is the remainder when 7407 is divided by 34?
29
Calculate the remainder when 13767 is divided by 621.
105
Calculate the remainder when 42484 is divided by 1249.
18
Calculate the remainder when 1367131 is divided by 16.
11
What is the remainder when 7818 is divided by 465?
378
What is the remainder when 1280 is divided by 73?
39
What is the remainder when 4932 is divided by 333?
270
Calculate the remainder when 18810 is divided by 51.
42
Calculate the remainder when 1914 is divided by 637.
3
Calculate the remainder when 11254 is divided by 1606.
12
Calculate the remainder when 7937 is divided by 1981.
13
What is the remainder when 5433 is divided by 21?
15
Calculate the remainder when 42446 is divided by 5963.
705
Calculate the remainder when 5115 is divided by 902.
605
What is the remainder when 74407 is divided by 26?
21
Calculate the remainder when 18299 is divided by 70.
29
What is the remainder when 529 is divided by 82?
37
What is the remainder when 4394 is divided by 371?
313
What is the remainder when 2314150 is divided by 22?
14
Calculate the remainder when 5017 is divided by 129.
115
Calculate the remainder when 19798 is divided by 25.
23
What is the remainder when 58040 is divided by 953?
860
Calculate the remainder when 32891 is divided by 36.
23
What is the remainder when 158 is divided by 17?
5
Calculate the remainder when 7703 is divided by 16.
7
What is the remainder when 76514 is divided by 26?
22
Calculate the remainder when 508259 is divided by 508241.
18
Calculate the remainder when 921 is divided by 25.
21
What is the remainder when 1389 is divided by 1146?
243
Calculate the remainder when 6943 is divided by 1734.
7
What is the remainder when 43838 is divided by 461?
43
Calculate the remainder when 284522 is divided by 679.
21
Calculate the remainder when 43052 is divided by 169.
126
Calculate the remainder when 288369 is divided by 1542.
15
What is the remainder when 23452 is divided by 317?
311
Calculate the remainder when 3665 is divided by 44.
13
What is the remainder when 259 is divided by 54?
43
Calculate the remainder when 7993 is divided by 770.
293
What is the remainder when 481846 is divided by 5295?
1
What is the remainder when 23679 is divided by 64?
63
What is the remainder when 7060 is divided by 71?
31
Calculate the remainder when 19287 is divided by 9618.
51
Calculate the remainder when 105729 is divided by 80.
49
What is the remainder when 2673 is divided by 10?
3
What is the remainder when 1005325 is divided by 19?
16
Calculate the remainder when 52860 is divided by 629.
24
What is the remainder when 36673 is divided by 11?
10
Calculate the remainder when 16557 is divided by 46.
43
Calculate the remainder when 128010 is divided by 4265.
60
What is the remainder when 1137 is divided by 286?
279
What is the remainder when 899 is divided by 303?
293
What is the remainder when 70837 is divided by 56?
53
What is the remainder when 2557991 is divided by 73?
71
Calculate the remainder when 39955 is divided by 57.
55
What is the remainder when 30419 is divided by 330?
59
What is the remainder when 5249 is divided by 5067?
182
What is the remainder when 986 is divided by 917?
69
Calculate the remainder when 142003 is divided by 37.
34
What is the remainder when 74747 is divided by 32?
27
What is the remainder when 68791 is divided by 6247?
74
What is the remainder when 1322250 is divided by 78?
72
What is the remainder when 43339 is divided by 422?
295
Calculate the remainder when 56359 is divided by 261.
244
What is the remainder when 188293 is divided by 951?
946
Calculate the remainder when 1215 is divided by 657.
558
Calculate the remainder when 7243 is divided by 2406.
25
What is the remainder when 191076 is divided by 567?
564
What is the remainder when 19443 is divided by 18?
3
Calculate the remainder when 11322 is divided by 1616.
10
Calculate the remainder when 111824 is divided by 105.
104
Calculate the remainder when 315988 is divided by 7.
1
Calculate the remainder when 8709 is divided by 2174.
13
What is the remainder when 7474 is divided by 1327?
839
What is the remainder when 4592 is divided by 19?
13
What is the remainder when 1753345 is divided by 543?
541
What is the remainder when 164518 is divided by 728?
718
What is the remainder when 213328 is divided by 13?
11
What is the remainder when 1087 is divided by 44?
31
Calculate the remainder when 6992 is divided by 121.
95
What is the remainder when 2115 is divided by 25?
15
What is the remainder when 3298 is divided by 869?
691
Calculate the remainder when 20731 is divided by 55.
51
What is the remainder when 434 is divided by 145?
144
Calculate the remainder when 1109 is divided by 122.
11
Calculate the remainder when 4126 is divided by 160.
126
Calculate the remainder when 19551 is divided by 115.
1
What is the remainder when 627101 is divided by 2?
1
Calculate the remainder when 6169 is divided by 390.
319
Calculate the remainder when 340277 is divided by 42.
35
Calculate the remainder when 83092 is divided by 611.
607
What is the remainder when 1602 is divided by 1183?
419
What is the remainder when 201869 is divided by 104?
5
What is the remainder when 850170 is divided by 92?
90
What is the remainder when 14123 is divided by 159?
131
What is the remainder when 18030 is divided by 247?
246
Calculate the remainder when 7358 is divided by 251.
79
What is the remainder when 19278 is divided by 106?
92
Calculate the remainder when 16414 is divided by 36.
34
What is the remainder when 290714 is divided by 395?
389
Calculate the remainder when 2999 is divided by 851.
446
What is the remainder when 25068 is divided by 6265?
8
What is the remainder when 6505 is divided by 609?
415
Calculate the remainder when 90017 is divided by 25.
17
What is the remainder when 1591546 is divided by 57?
49
Calculate the remainder when 213486 is divided by 279.
51
Calculate the remainder when 1940 is divided by 8.
4
What is the remainder when 14746296 is divided by 158?
156
Calculate the remainder when 2331 is divided by 2322.
9
What is the remainder when 1663 is divided by 1521?
142
What is the remainder when 50936 is divided by 280?
256
Calculate the remainder when 232948 is divided by 50.
48
Calculate the remainder when 47085 is divided by 5882.
29
Calculate the remainder when 30564 is divided by 3394.
18
Calculate the remainder when 4223 is divided by 470.
463
Calculate the remainder when 99167 is divided by 539.
530
What is the remainder when 241773 is divided by 12?
9
What is the remainder when 8124 is divided by 125?
124
What is the remainder when 623311 is divided by 115?
11
What is the remainder when 328651 is divided by 53?
51
Calculate the remainder when 2978 is divided by 228.
14
C